{"id":2789,"date":"2020-10-19T22:26:15","date_gmt":"2020-10-19T20:26:15","guid":{"rendered":"https:\/\/maisonnormande.boutique\/?post_type=product&#038;p=2789"},"modified":"2024-10-04T15:26:44","modified_gmt":"2024-10-04T13:26:44","slug":"echarpe-en-lin-naturel","status":"publish","type":"product","link":"https:\/\/maisonnormande.boutique\/es_uy\/product\/echarpe-en-lin-naturel\/","title":{"rendered":"Mant\u00f3n de lino NATURAL Colecci\u00f3n NAIS"},"content":{"rendered":"<p>Mant\u00f3n largo y ancho de MN Home Decor\u00ae hecho a mano en lino lavado en un color neutro que combina f\u00e1cilmente con otros colores.<\/p>\n<p>\u00a1\u00a1Este es el accesorio que necesitas para darle el toque final a tu outfit!! casual, elegante, deportivo\u2026.<\/p>\n<p>Ligero y esponjoso para todas las estaciones. Se puede llevar enrollado alrededor del cuello o sobre los hombros.<\/p>\n<p>La tela de lino es la m\u00e1s ecol\u00f3gica porque la planta no necesita agua ni pesticidas.<\/p>\n<p>Es un tejido termorregulador, por lo que se puede llevar muy bien tanto en verano como en invierno, tanto en pa\u00edses c\u00e1lidos como en pa\u00edses con climas m\u00e1s fr\u00edos.<\/p>\n<p>El lino es la fibra m\u00e1s fuerte y resistente. Dura mucho tiempo sin deformarse y no suelta pelusa.<\/p>\n<p>\u00a1\u00a1No te arrepentir\u00e1s de tu compra!!<\/p>\n<p>Otros colores disponibles.<\/p>","protected":false},"excerpt":{"rendered":"<p style=\"text-align: left;\">Magn\u00edfico mant\u00f3n de lino franc\u00e9s 100%. \u00a1\u00a1No podr\u00e1s prescindir de \u00e9l!!<\/p>\n<p>Hecho a la medida.<\/p>\n<p>&nbsp;<\/p>\n<p>&nbsp;<\/p>","protected":false},"featured_media":466041,"comment_status":"open","ping_status":"closed","template":"","meta":[],"product_brand":[],"product_cat":[18],"product_tag":[311,310],"class_list":{"0":"post-2789","1":"product","2":"type-product","3":"status-publish","4":"has-post-thumbnail","6":"product_cat-accessoires-en-lin","7":"product_tag-accessoire","8":"product_tag-blanc","9":"pa_composition-lin-lave-francais-160gm2-certifie-oekotex","10":"pa_dimensions-env-180x190cm","11":"pa_origine-france","13":"first","14":"onbackorder","15":"featured","16":"taxable","17":"shipping-taxable","18":"purchasable","19":"product-type-simple"},"_links":{"self":[{"href":"https:\/\/maisonnormande.boutique\/es_uy\/wp-json\/wp\/v2\/product\/2789","targetHints":{"allow":["GET"]}}],"collection":[{"href":"https:\/\/maisonnormande.boutique\/es_uy\/wp-json\/wp\/v2\/product"}],"about":[{"href":"https:\/\/maisonnormande.boutique\/es_uy\/wp-json\/wp\/v2\/types\/product"}],"replies":[{"embeddable":true,"href":"https:\/\/maisonnormande.boutique\/es_uy\/wp-json\/wp\/v2\/comments?post=2789"}],"wp:featuredmedia":[{"embeddable":true,"href":"https:\/\/maisonnormande.boutique\/es_uy\/wp-json\/wp\/v2\/media\/466041"}],"wp:attachment":[{"href":"https:\/\/maisonnormande.boutique\/es_uy\/wp-json\/wp\/v2\/media?parent=2789"}],"wp:term":[{"taxonomy":"product_brand","embeddable":true,"href":"https:\/\/maisonnormande.boutique\/es_uy\/wp-json\/wp\/v2\/product_brand?post=2789"},{"taxonomy":"product_cat","embeddable":true,"href":"https:\/\/maisonnormande.boutique\/es_uy\/wp-json\/wp\/v2\/product_cat?post=2789"},{"taxonomy":"product_tag","embeddable":true,"href":"https:\/\/maisonnormande.boutique\/es_uy\/wp-json\/wp\/v2\/product_tag?post=2789"}],"curies":[{"name":"wp","href":"https:\/\/api.w.org\/{rel}","templated":true}]}}

Mantón de lino NATURAL Colección NAIS

<p>Mantón largo y ancho de MN Home Decor® hecho a mano en lino lavado en un color neutro que combina fácilmente con otros colores.</p>
<p>¡¡Este es el accesorio que necesitas para darle el toque final a tu outfit!! casual, elegante, deportivo….</p>
<p>Ligero y esponjoso para todas las estaciones. Se puede llevar enrollado alrededor del cuello o sobre los hombros.</p>
<p>La tela de lino es la más ecológica porque la planta no necesita agua ni pesticidas.</p>
<p>Es un tejido termorregulador, por lo que se puede llevar muy bien tanto en verano como en invierno, tanto en países cálidos como en países con climas más fríos.</p>
<p>El lino es la fibra más fuerte y resistente. Dura mucho tiempo sin deformarse y no suelta pelusa.</p>
<p>¡¡No te arrepentirás de tu compra!!</p>
<p>Otros colores disponibles.</p>

<p style="text-align: left;">Magnífico mantón de lino francés 100%. ¡¡No podrás prescindir de él!!</p>
<p>Hecho a la medida.</p>
<p>&nbsp;</p>
<p>&nbsp;</p>
