{"id":283611,"date":"2021-11-10T22:44:17","date_gmt":"2021-11-10T21:44:17","guid":{"rendered":"https:\/\/maisonnormande.boutique\/?post_type=product&#038;p=283611"},"modified":"2024-10-04T15:26:42","modified_gmt":"2024-10-04T13:26:42","slug":"chale-en-lin-corde","status":"publish","type":"product","link":"https:\/\/maisonnormande.boutique\/es_uy\/product\/chale-en-lin-corde\/","title":{"rendered":"Mant\u00f3n de lino CUERDA Colecci\u00f3n SOREL"},"content":{"rendered":"<p>Mant\u00f3n largo y ancho de MN Home Decor\u00ae hecho a mano en lino lavado te\u00f1ido en un color neutro que combina f\u00e1cilmente con otros colores.<\/p>\n<p>\u00a1\u00a1Este es el accesorio que necesitas para darle un toque final a tu outfit!! informal, elegante\u2026.<\/p>\n<p>Ligero y esponjoso para todas las estaciones. Se puede llevar enrollado alrededor del cuello o sobre los hombros.<\/p>\n<p>El lino es un tejido que regula la temperatura, por lo que este chal se puede llevar muy bien tanto en verano como en invierno, tanto en pa\u00edses c\u00e1lidos como en pa\u00edses con climas m\u00e1s fr\u00edos.<\/p>\n<p>El lino es la fibra m\u00e1s fuerte y resistente. Dura mucho tiempo sin deformarse y no suelta pelusa.<\/p>\n<p>\u00a1\u00a1No te arrepentir\u00e1s de tu compra!!<\/p>\n<p>Otros colores disponibles.<\/p>\n<p>&nbsp;<\/p>","protected":false},"excerpt":{"rendered":"<p>Magn\u00edfico mant\u00f3n de lino franc\u00e9s 100%. \u00a1\u00a1No podr\u00e1s prescindir de \u00e9l!!<\/p>\n<p>Hecho a la medida.<\/p>","protected":false},"featured_media":464893,"comment_status":"open","ping_status":"closed","template":"","meta":[],"product_brand":[],"product_cat":[18],"product_tag":[311,310],"class_list":{"0":"post-283611","1":"product","2":"type-product","3":"status-publish","4":"has-post-thumbnail","6":"product_cat-accessoires-en-lin","7":"product_tag-accessoire","8":"product_tag-blanc","9":"pa_composition-lin-lave-francais-160gm2-certifie-oekotex","10":"pa_dimensions-env-180x190cm","11":"pa_origine-france","13":"first","14":"outofstock","15":"taxable","16":"shipping-taxable","17":"purchasable","18":"product-type-simple"},"_links":{"self":[{"href":"https:\/\/maisonnormande.boutique\/es_uy\/wp-json\/wp\/v2\/product\/283611","targetHints":{"allow":["GET"]}}],"collection":[{"href":"https:\/\/maisonnormande.boutique\/es_uy\/wp-json\/wp\/v2\/product"}],"about":[{"href":"https:\/\/maisonnormande.boutique\/es_uy\/wp-json\/wp\/v2\/types\/product"}],"replies":[{"embeddable":true,"href":"https:\/\/maisonnormande.boutique\/es_uy\/wp-json\/wp\/v2\/comments?post=283611"}],"wp:featuredmedia":[{"embeddable":true,"href":"https:\/\/maisonnormande.boutique\/es_uy\/wp-json\/wp\/v2\/media\/464893"}],"wp:attachment":[{"href":"https:\/\/maisonnormande.boutique\/es_uy\/wp-json\/wp\/v2\/media?parent=283611"}],"wp:term":[{"taxonomy":"product_brand","embeddable":true,"href":"https:\/\/maisonnormande.boutique\/es_uy\/wp-json\/wp\/v2\/product_brand?post=283611"},{"taxonomy":"product_cat","embeddable":true,"href":"https:\/\/maisonnormande.boutique\/es_uy\/wp-json\/wp\/v2\/product_cat?post=283611"},{"taxonomy":"product_tag","embeddable":true,"href":"https:\/\/maisonnormande.boutique\/es_uy\/wp-json\/wp\/v2\/product_tag?post=283611"}],"curies":[{"name":"wp","href":"https:\/\/api.w.org\/{rel}","templated":true}]}}

Mantón de lino CUERDA Colección SOREL

<p>Mantón largo y ancho de MN Home Decor® hecho a mano en lino lavado teñido en un color neutro que combina fácilmente con otros colores.</p>
<p>¡¡Este es el accesorio que necesitas para darle un toque final a tu outfit!! informal, elegante….</p>
<p>Ligero y esponjoso para todas las estaciones. Se puede llevar enrollado alrededor del cuello o sobre los hombros.</p>
<p>El lino es un tejido que regula la temperatura, por lo que este chal se puede llevar muy bien tanto en verano como en invierno, tanto en países cálidos como en países con climas más fríos.</p>
<p>El lino es la fibra más fuerte y resistente. Dura mucho tiempo sin deformarse y no suelta pelusa.</p>
<p>¡¡No te arrepentirás de tu compra!!</p>
<p>Otros colores disponibles.</p>
<p>&nbsp;</p>

<p>Magnífico mantón de lino francés 100%. ¡¡No podrás prescindir de él!!</p>
<p>Hecho a la medida.</p>
