{"id":41410,"date":"2021-04-04T00:52:25","date_gmt":"2021-04-03T22:52:25","guid":{"rendered":"https:\/\/maisonnormande.boutique\/?post_type=product&#038;p=41410"},"modified":"2024-10-04T15:26:43","modified_gmt":"2024-10-04T13:26:43","slug":"set-de-table-en-lin-corde","status":"publish","type":"product","link":"https:\/\/maisonnormande.boutique\/es_uy\/product\/set-de-table-en-lin-corde\/","title":{"rendered":"Mantel individual de lino CUERDA Colecci\u00f3n CHAUME"},"content":{"rendered":"<p>A\u00f1ade un toque de decoraci\u00f3n a tu mesa con este mantel individual de lino lavado CORDE.<\/p>\n<p>Su contorno con flecos le da un toque r\u00fastico. Utilizado solo o como complemento de un mantel, su color neutro siempre aportar\u00e1 a tu mesa una nota natural y c\u00e1lida. Combina f\u00e1cilmente con los colores de nuestros manteles de lino disponibles en nuestro sitio.<\/p>\n<p>Hecho a mano en Normand\u00eda por Maison Normande Home Decor utilizando lino pesado franc\u00e9s 100% de la m\u00e1s alta calidad.<\/p>\n<p>La fibra de lino utilizada en el dise\u00f1o de este mantel individual es muy duradera, por lo que no se deformar\u00e1 con el tiempo.<\/p>\n<p>Adem\u00e1s, tiene la particularidad de absorber l\u00edquidos y no retener manchas.<\/p>\n<p>&nbsp;<\/p>","protected":false},"excerpt":{"rendered":"<p style=\"text-align: center;\"><a class=\"fasc-button fasc-size-medium fasc-type-popout fasc-style-bold fasc-style-italic\" style=\"background-color: #5188a6; color: #e48751;\">NUEVO !!!<\/a><\/p>\n<p>\u00a1Este mantel individual franc\u00e9s de lino lavado 100% es EL DETALLE que embellecer\u00e1 tu mesa!&nbsp;<\/p>","protected":false},"featured_media":41504,"comment_status":"open","ping_status":"closed","template":"","meta":[],"product_brand":[],"product_cat":[18],"product_tag":[],"class_list":{"0":"post-41410","1":"product","2":"type-product","3":"status-publish","4":"has-post-thumbnail","6":"product_cat-accessoires-en-lin","7":"pa_composition-lin-lave-100-francais-460g-m2-certifie-oekotex","8":"pa_dimensions-45cm-x-35cm","9":"pa_origine-france","11":"first","12":"instock","13":"sale","14":"taxable","15":"shipping-taxable","16":"purchasable","17":"product-type-simple"},"_links":{"self":[{"href":"https:\/\/maisonnormande.boutique\/es_uy\/wp-json\/wp\/v2\/product\/41410","targetHints":{"allow":["GET"]}}],"collection":[{"href":"https:\/\/maisonnormande.boutique\/es_uy\/wp-json\/wp\/v2\/product"}],"about":[{"href":"https:\/\/maisonnormande.boutique\/es_uy\/wp-json\/wp\/v2\/types\/product"}],"replies":[{"embeddable":true,"href":"https:\/\/maisonnormande.boutique\/es_uy\/wp-json\/wp\/v2\/comments?post=41410"}],"wp:featuredmedia":[{"embeddable":true,"href":"https:\/\/maisonnormande.boutique\/es_uy\/wp-json\/wp\/v2\/media\/41504"}],"wp:attachment":[{"href":"https:\/\/maisonnormande.boutique\/es_uy\/wp-json\/wp\/v2\/media?parent=41410"}],"wp:term":[{"taxonomy":"product_brand","embeddable":true,"href":"https:\/\/maisonnormande.boutique\/es_uy\/wp-json\/wp\/v2\/product_brand?post=41410"},{"taxonomy":"product_cat","embeddable":true,"href":"https:\/\/maisonnormande.boutique\/es_uy\/wp-json\/wp\/v2\/product_cat?post=41410"},{"taxonomy":"product_tag","embeddable":true,"href":"https:\/\/maisonnormande.boutique\/es_uy\/wp-json\/wp\/v2\/product_tag?post=41410"}],"curies":[{"name":"wp","href":"https:\/\/api.w.org\/{rel}","templated":true}]}}

Mantel individual de lino CUERDA Colección CHAUME

<p>Añade un toque de decoración a tu mesa con este mantel individual de lino lavado CORDE.</p>
<p>Su contorno con flecos le da un toque rústico. Utilizado solo o como complemento de un mantel, su color neutro siempre aportará a tu mesa una nota natural y cálida. Combina fácilmente con los colores de nuestros manteles de lino disponibles en nuestro sitio.</p>
<p>Hecho a mano en Normandía por Maison Normande Home Decor utilizando lino pesado francés 100% de la más alta calidad.</p>
<p>La fibra de lino utilizada en el diseño de este mantel individual es muy duradera, por lo que no se deformará con el tiempo.</p>
<p>Además, tiene la particularidad de absorber líquidos y no retener manchas.</p>
<p>&nbsp;</p>

<p style="text-align: center;"><a class="fasc-button fasc-size-medium fasc-type-popout fasc-style-bold fasc-style-italic" style="background-color: #5188a6; color: #e48751;">NUEVO !!!</a></p>
<p>¡Este mantel individual francés de lino lavado 100% es EL DETALLE que embellecerá tu mesa!&nbsp;</p>
